*2 + 7*j - 23. Let p(g) = 2*g**2 + 5*g - 15. Let u(w) = i*m(w) - 8*p(w). Determine u(-5).
5
Let l(s) = 145*s**3 - 5*s - 4*s**2 + 1 - 144*s**3 + 3. Calculate l(5).
4
Suppose -5*p - 1 = 3*c - 2, 2*c = -3*p. Let m(q) be the second derivative of 0*q**2 + 5/6*q**3 + 1/20*q**5 - p*q + 0 + 5/12*q**4. What is m(-4)?
-4
Let c(u) = -9 + 16 - u + 3*u. Calculate c(-6).
-5
Let x be 2 + (5 - 2)/3. Suppose x*t - 2*t = 0. Suppose -o - 4*o = t. Let u(d) = d - 5. Calculate u(o).
-5
Let i(b) be the second derivative of b**4/12 - b**3/2 + b**2 - 2*b. Let m be 4/14 + 12/7. Let k be i(m). Let u(q) = -q + 12. Determine u(k).
12
Let i = 4 - -1. Suppose 2*y = i*y + 12. Let w = y + 9. Let c(z) = z**2 - 3*z - 4. What is c(w)?
6
Let s(r) = r**2 - 3*r + 1. Let i(u) = -12*u. Let z be i(1). Let g = 3 + z. Let a = 13 + g. What is s(a)?
5
Let s(d) be the first derivative of -d**3/3 - d**2/2 - d - 20. Calculate s(2).
-7
Let n(i) = i. Let h(s) = 10*s**3 + 11*s**2 + 22*s + 22. Let w(d) = 7*d**3 + 7*d**2 + 15*d + 15. Let u(f) = -5*h(f) + 7*w(f). Let k be u(-5). Calculate n(k).
-5
Let a(h) = -h. Let p be a(-5). Suppose p*v = 2*v + 6. Let f(g) = -g**3 + 2*g**2 - 4*g + 3. Give f(v).
-5
Let j(h) be the second derivative of h**5/60 + h**4/6 + 5*h**3/6 + 3*h**2/2 + 2*h. Let a(x) be the first derivative of j(x). Determine a(-4).
5
Let m(g) = -5*g**3 - 9*g**2 + 9*g + 4. Let b(l) = 3*l**3 + 8*l**2 - 8*l - 3. Let y(o) = -3*b(o) - 2*m(o). Calculate y(5).
6
Let m be (-7 + 3)*(-5)/(-4). Let u(r) be the third derivative of -7/6*r**3 + 0*r - r**2 - 1/60*r**5 - 1/4*r**4 + 0. Calculate u(m).
-2
Let q = -21 - -26. Let i(a) = -a**3 + 4*a**2 + 4*a. Give i(q).
-5
Let u(c) = -c**3 + 3*c**2 + 3*c - 5. Let h(b) = -b**3 + 27*b**2 - 28*b + 56. Let w be h(26). What is u(w)?
-9
Let l(p) = -p**3 - 6*p**2 + p - 4. Suppose j + 4*j - 90 = 0. Let m = j - 24. Calculate l(m).
-10
Suppose d + 18 = -q - 0*d, 42 = -2*q - 4*d. Let i be 6/q - (-2)/5. Let u(p) be the second derivative of -p**3/6 - p**2 - p. Give u(i).
-2
Let g(j) = -15*j - 7. Let d(x) = 7*x + 3. Let w(l) = l**3 + 12*l**2 + 6. Let o be w(-12). Let t(a) = o*g(a) + 13*d(a). What is t(0)?
-3
Let i(r) = -r**2 - 10*r + 1. Suppose -13*k + 30 = -16*k. Determine i(k).
1
Let d(t) = -5*t**2 + t + 6. Suppose y + 0*y = -1. Let p(l) = -l**3 + l. Let v(w) = y*p(w) - d(w). Give v(-5).
4
Let g(s) = -s**3 + s**2 - 1. Let j(m) = 2*m**3 + 5*m**2 + 4*m - 5. Let q(w) = -g(w) - j(w). Give q(-5).
1
Suppose -p - 2 = 2*c + 2, 0 = p - 4*c - 8. Let u(m) = -m**2 - 8. Calculate u(p).
-8
Let f(k) = 5 + 3 + 2*k - 3*k. Determine f(8).
0
Let d(r) = 0 - 4*r - r**2 + 5*r**2 - 5*r**2 - 3. Calculate d(-3).
0
Suppose 2*k = -2*k + 20. Let g(m) = -3*m**2 + 6*m + 0*m**2 + 2*m**2 - k. Calculate g(5).
0
Let x(c) = c**3 - 5*c**2 - 3*c + 1. Suppose 0 = 2*o + 2*t - 4, 3*o - 22 = -4*t + 5*t. Calculate x(o).
19
Let o(q) = 2*q + 3. Let y(m) be the first derivative of m**4/4 - 7*m**3/3 + 3*m**2 - 4*m - 2. Let r be y(6). Calculate o(r).
-5
Let p(a) = a + 2. Suppose b = 0, -5*b - 2 = t + 4. Let w(c) = c**2 + 5*c - 4. Let k be w(t). Give p(k).
4
Let n(o) = -2*o**2 - 15*o + 3*o**2 + 14*o + 0*o**2. Calculate n(2).
2
Let u(x) = 7*x**3 - 2*x - 1. Suppose -12*g + 3 = -15*g. What is u(g)?
-6
Let f(c) = c**2 + 6*c + 15. Let z(y) = y**2 + 6*y + 14. Let g(k) = -5*f(k) + 6*z(k). Let l = 6 + -12. What is g(l)?
9
Let r(b) be the second derivative of -b**7/840 - 7*b**6/360 - b**5/15 + b**4/4 + 5*b**3/6 - b. Let l(y) be the second derivative of r(y). Give l(-6).
18
Suppose r + 0 - 2 = 0. Let p(s) = 5*s. Determine p(r).
10
Let r(c) = -2*c**2 - 21*c - 11. Let n(s) = -3*s**2 - 32*s - 17. Let q(w) = 5*n(w) - 8*r(w). Let l be (-6)/1 - 0/(-2). Determine q(l).
-9
Let y(c) = -c**2 + c + 1. Let t(a) = 7*a**2 + 2*a - 5. Let k(m) = -t(m) - 6*y(m). What is k(-7)?
6
Let g(n) = n. Suppose -2*y - 15 = -7*y. Suppose 0*k = -y*k + 2*o - 10, -4*o = -2*k - 12. Determine g(k).
-2
Let d(y) be the third derivative of y**6/180 - y**5/60 - y**4/8 + y**3/2 + 4*y**2. Let u(t) be the first derivative of d(t). What is u(-2)?
9
Let l(d) = 3*d**2 + 30 - d**2 + d**3 - 34 - 3*d. What is l(-3)?
-4
Let g(a) = 3*a - 2. Let x be g(2). Let y = x - 2. Suppose -y = 4*h + 18. Let o(r) = 2*r + 5. Calculate o(h).
-5
Let r(m) be the second derivative of -m**3/3 - 3*m**2 + 2*m + 1. Calculate r(-5).
4
Let h = -87 - -81. Let x(j) = 2*j**3 + 5*j - 7 + 7*j**2 - j**3 + 0*j**3. Determine x(h).
-1
Let w(u) = -100*u**2 + 45. Let b(l) = -9*l**2 + 4. Let r(v) = 45*b(v) - 4*w(v). Let a be r(-1). Let f(c) = c**2 + 7*c + 1. Determine f(a).
-9
Let q = 2 - 1. Let c(d) = 41*d**2 - q - 42*d**2 - 2*d + 2. What is c(2)?
-7
Suppose 5*x = 3*g - 38, g - 4*x + 1 = 23. Let s(a) = -5*a - 28. Let r(n) = 3*n + 14. Let d(i) = -7*r(i) - 4*s(i). Calculate d(g).
8
Suppose 5*d = 6*d. Let f be 2 + -2 + (-7 - -1). Let k(c) = -1. Let h(b) = -b + 10. Let s(n) = f*k(n) - h(n). Determine s(d).
-4
Let t = -11 - -12. Let p be 1 - (7 + -3)*t. Let x(f) = f**3 + 3*f**2 + f. Determine x(p).
-3
Let k(q) = -3*q**3 - 12*q**2 + 10*q - 7. Let d(l) = 2*l**3 + 8*l**2 - 7*l + 5. Let m(j) = 7*d(j) + 5*k(j). What is m(-4)?
-4
Let j(d) = d**3 + d**2 - 1. Let t be j(-2). Let s(b) = 5 + 4 - 6*b - b**2 - 10. Calculate s(t).
4
Let p be ((-16)/20)/(2/(-5)). Let f(u) = -u + u**2 + 0*u - 5*u + p + u. Determine f(4).
-2
Let f(i) = i - 2. Let u be f(-2). Let l(c) be the first derivative of 1/2*c**2 + 2*c + 2. What is l(u)?
-2
Let u(l) = l**2 - 6*l. Let g be 4 + (-2 - -2)/(-1). Suppose 4*w - 20 = 5*p, -w = g*w + 2*p - 25. Let j be u(w). Let m(s) = s - 6. Determine m(j).
-11
Let b(y) be the second derivative of -y**4/12 + y**3/6 - y**2/2 - 2*y. Let i(u) = u**3 - 2*u**2 + u - 4. Let q(m) = b(m) - i(m). Calculate q(0).
3
Let m(o) = o + 1. Let h be m(-2). Let k be 6 + h + (0 - 0). Let n(x) = -x**3 + 4*x**2 + 5*x - 2. What is n(k)?
-2
Let d(u) = -23*u - 14. Let s(m) = 8*m + 5. Let h(f) = -4*d(f) - 11*s(f). Let k = -1 - 3. Determine h(k).
-15
Let z(t) be the third derivative of -t**4/24 - t**3/3 + 2*t**2. What is z(-2)?
0
Let m be 1 - 4*3/12. Let x(v) = -3 + v**2 + v + 3*v**2 - 3*v**2. Determine x(m).
-3
Let c(l) = l**3 - 5*l**2 + l + 2. Let r be (3 - -6)/3 - 1. What is c(r)?
-8
Let j = 10 + -8. Let p(w) be the second derivative of w**7/2520 - w**6/240 + w**5/120 + w**4/4 - 2*w. Let c(o) be the third derivative of p(o). Determine c(j).
-1
Let r be 1*-3*(-10)/6. Let b(i) = 3*i - i - 5*i - 2 - r. What is b(-5)?
8
Let j(a) = -a**3 - 3*a**2 + 4*a - 12. Let r(u) = 2*u**3 + 5*u**2 - 8*u + 23. Let x(z) = -11*j(z) - 6*r(z). What is x(4)?
-6
Let n(f) = 3*f + 1. Let h(w) = -w - 1. Let g(v) = -2*h(v) - n(v). What is g(-2)?
3
Let h(y) be the third derivative of y**4/24 + 4*y**3/3 - 7*y**2. Calculate h(0).
8
Let k(f) = f. Let n be k(0). Let x(r) = 2*r**2 + r**2 + n*r**2 + r**2. Determine x(-1).
4
Let j(d) = 7*d + 8 + 6 - 5 + d**2. Give j(-6).
3
Let l(c) = c**2 + 13*c + 11. Let k(j) = j**2 + 10*j - 12. Let o be k(-10). Determine l(o).
-1
Let y be 6/(-3) + 2 + 0. Let j be 7/((-7)/2) - y. Let r(c) = -2*c**3 - 3*c**2 + c + 2. What is r(j)?
4
Let x = 22 + -13. Let b = -5 + x. Suppose -2*a - b*m + 6 = 0, -a + 3 = 4*a + 4*m. Let g(z) = -8*z - 1. What is g(a)?
7
Let f(z) be the first derivative of z**4/8 - z**3/3 + 3*z**2 + 5. Let p(o) be the second derivative of f(o). Calculate p(4).
10
Let o(m) = -2*m. Let u be o(-10). Suppose 4*h - u = -0*h. Let s(x) = -x**3 - 5*x + 9*x**2 + 7 - 1 - 3*x**2. Give s(h).
6
Suppose 4*o = 8 + 8. Let k(h) = h**3 - 5*h**2 + 6*h - 1. Determine k(o).
7
Let r(j) = j - 3. Let a(t) = t**2 + 6*t - 4. Let l be a(-7). Give r(l).
0
Let h(d) = -3 + d + 0 + 0*d. Suppose 92 = -7*j + 106. Give h(j).
-1
Let k(j) be the first derivative of j**2 - 3*j + 1. Suppose 0 = 2*i + 10, 2*i + 1 = w - 12. Determine k(w).
3
Let f be (-14 + 0)*6/(-12). Let j(v) = 6*v + 1 - 2 - 1 - f*v. Determine j(0).
-2
Let w(b) = 8*b + 4. Let v(a) = -17*a - 8. Let l(p) = -6*v(p) - 13*w(p). Calculate l(-7).
10
Let z(w) = w - 5. Suppose 4*h - 6*h = -2, 2*a - 3*h - 1 = 0. Let c(p) = -p**3 + 2*p**2 + 3*p - 1. Let i be c(a). What is z(i)?
0
Let l(y) = 7*y**2 - 5*y - 3. Let m = 14 + -7. Let j(d) = 8*d**2 - 5*d - 4. Let v(p) = m*l(p) - 6*j(p). Calculate v(5).
3
Let f = 9 - 14. Let h(s) = -s**2 - 7*s - 7. Let u(i) = i. Let y(t) = -h(t) - 2*u(t). Determine y(f).
7
Let t(